
4
What is the units digit of 16040594?
4
What is the hundred thousands digit of 239633898?
6
What is the hundred millions digit of 735064516?
7
What is the ten thousands digit of 138690146?
9
What is the millions digit of 991607515?
1
What is the hundreds digit of 60762055?
0
What is the hundreds digit of 4757304181?
1
What is the hundreds digit of 239342523?
5
What is the thousands digit of 477940948?
0
What is the ten millions digit of 44766490?
4
What is the ten millions digit of 1076647799?
7
What is the units digit of 175463199?
9
What is the millions digit of 170805254?
0
What is the tens digit of 743533110?
1
What is the tens digit of 202374065?
6
What is the units digit of 286828324?
4
What is the hundreds digit of 177802622?
6
What is the units digit of 19151465?
5
What is the ten thousands digit of 707735323?
3
What is the thousands digit of 120479777?
9
What is the ten millions digit of 70388164?
7
What is the tens digit of 624130423?
2
What is the hundred thousands digit of 489986271?
9
What is the hundred thousands digit of 1728099530?
0
What is the ten millions digit of 17296717?
1
What is the hundred thousands digit of 1652188860?
1
What is the ten thousands digit of 3706521636?
2
What is the ten thousands digit of 697291113?
9
What is the ten millions digit of 554695954?
5
What is the hundreds digit of 131600339?
3
What is the hundred millions digit of 1487973894?
4
What is the millions digit of 921058513?
1
What is the thousands digit of 89189398?
9
What is the tens digit of 85695464?
6
What is the tens digit of 41380413?
1
What is the millions digit of 2312809289?
2
What is the ten millions digit of 43110528?
4
What is the units digit of 474203956?
6
What is the tens digit of 2120584?
8
What is the thousands digit of 36566372?
6
What is the units digit of 284530777?
7
What is the billions digit of 3097516103?
3
What is the hundred millions digit of 489180305?
4
What is the hundred thousands digit of 401566673?
5
What is the millions digit of 1372841112?
2
What is the ten thousands digit of 1698972859?
7
What is the hundreds digit of 222027582?
5
What is the hundreds digit of 4547724?
7
What is the ten thousands digit of 2309161?
0
What is the ten thousands digit of 2225015823?
1
What is the ten millions digit of 55233795?
5
What is the hundred thousands digit of 61732445?
7
What is the units digit of 98235688?
8
What is the hundred thousands digit of 87482702?
4
What is the hundred millions digit of 4393612843?
3
What is the hundred millions digit of 902444961?
9
What is the thousands digit of 66222?
6
What is the tens digit of 409177531?
3
What is the hundred thousands digit of 33041211?
0
What is the ten thousands digit of 885647728?
4
What is the hundreds digit of 132801422?
4
What is the ten millions digit of 2751549149?
5
What is the hundred millions digit of 125409343?
1
What is the ten thousands digit of 108484117?
8
What is the tens digit of 1947830168?
6
What is the hundred millions digit of 301909792?
3
What is the tens digit of 1027937887?
8
What is the hundreds digit of 71679260?
2
What is the ten thousands digit of 116136335?
3
What is the thousands digit of 78806543?
6
What is the hundred thousands digit of 16438882?
4
What is the millions digit of 299692986?
9
What is the units digit of 338701233?
3
What is the units digit of 1095663251?
1
What is the hundred millions digit of 1034091605?
0
What is the thousands digit of 279827425?
7
What is the hundred thousands digit of 34949540?
9
What is the ten millions digit of 2504354236?
0
What is the tens digit of 21429463?
6
What is the tens digit of 845266957?
5
What is the ten thousands digit of 801468150?
6
What is the units digit of 541655598?
8
What is the tens digit of 60567794?
9
What is the ten thousands digit of 1622493728?
9
What is the tens digit of 50259787?
8
What is the hundred millions digit of 596449984?
5
What is the ten thousands digit of 17346041?
4
What is the units digit of 40622966?
6
What is the thousands digit of 3294322887?
2
What is the millions digit of 279165836?
9
What is the ten thousands digit of 105506796?
0
What is the hundreds digit of 2198513586?
5
What is the thousands digit of 45375070?
5
What is the units digit of 128028921?
1
What is the millions digit of 551017412?
1
What is the thousands digit of 45565764?
5
What is the millions digit of 252149648?
2
What is the ten millions digit of 82715033?
8
What is the hundred millions digit of 5884561013?
8
What is the units digit of 816238466?
6
What is the units digit of 1458786513?
3
What is the ten thousands digit of 1391725811?
2
What is the thousands digit of 2331861914?
1
What is the hundreds digit of 367440675?
6
What is the ten millions digit of 344273861?
4
What is the ten thousands digit of 916296500?
9
What is the millions digit of 8527189904?
7
What is the hundred millions digit of 1753108493?
7
What is the thousands digit of 98302471?
2
What is the thousands digit of 25602445?
2
What is the hundred thousands digit of 3684205?
6
What is the ten millions digit of 27329848?
2
What is the tens digit of 136804108?
0
What is the ten thousands digit of 1497786327?
8
What is the hundreds digit of 11210500?
5
What is the millions digit of 3533257451?
3
What is the units digit of 50109299?
9
What is the ten millions digit of 81205697?
8
What is the ten millions digit of 26536668?
2
What is the ten millions digit of 26506910?
2
What is the hundred millions digit of 364479451?
3
What is the units digit of 77436869?
9
What is the hundred millions digit of 3834270749?
8
What is the ten thousands digit of 4505418031?
1
What is the tens digit of 2863933498?
9
What is the thousands digit of 345321169?
1
What is the hundred millions digit of 2023306329?
0
What is the units digit of 5836499877?
7
What is the hundreds digit of 835270390?
3
What is the millions digit of 2053357663?
3
What is the hundred thousands digit of 130159907?
1
What is the millions digit of 33029944?
3
What is the thousands digit of 50990301?
0
What is the ten millions digit of 127491082?
2
What is the tens digit of 677458274?
7
What is the hundred millions digit of 1237087277?
2
What is the hundred thousands digit of 225770745?
7
What is the hundred thousands digit of 76852678?
8
What is the ten millions digit of 223045179?
2
What is the millions digit of 1148575566?
8
What is the hundred thousands digit of 559116250?
1
What is the tens digit of 413697091?
9
What is the hundred thousands digit of 17366699?
3
What is the thousands digit of 1829214905?
4
What is the hundreds digit of 25217835?
8
What is the thousands digit of 212064847?
4
What is the ten millions digit of 470403040?
7
What is the hundred thousands digit of 4293240534?
2
What is the millions digit of 49561892?
9
What is the thousands digit of 28609325?
9
What is the billions digit of 3930757056?
3
What is the billions digit of 3114709978?
3
What is the hundred millions digit of 173630257?
1
What is the ten millions digit of 1124833782?
2
What is the tens digit of 15272619?
1
What is the ten thousands digit of 411049515?
4
What is the billions digit of 1754920209?
1
What is the thousands digit of 201523560?
3
What is the hundred millions digit of 646251621?
6
What is the thousands digit of 246320104?
0
What is the hundreds digit of 197493729?
7
What is the hundreds digit of 101892910?
9
What is the units digit of 343616379?
9
What is the tens digit of 277379390?
9
What is the thousands digit of 2130990659?
0
What is the billions digit of 2754436209?
2
What is the hundred millions digit of 195448448?
1
What is the hundred thousands digit of 19239363?
2
What is the tens digit of 326569700?
0
What is the hundred millions digit of 335339481?
3
What is the hundreds digit of 67749115?
1
What is the hundred thousands digit of 1223639835?
6
What is the ten thousands digit of 527451639?
5
What is the ten millions digit of 130768722?
3
What is the ten thousands digit of 50654211?
5
What is the thousands digit of 593751454?
1
What is the ten thousands digit of 2768896286?
9
What is the tens digit of 710292220?
2
What is the units digit of 58065801?
1
What is the thousands digit of 712967160?
7
What is the thousands digit of 70553309?
3
What is the ten millions di